
26
Suppose -17 = 5*b - 2. Let p be (2 - 1)*(-6)/b. Calculate the greatest common factor of p and 14.
2
Let y = 46 + -27. Suppose 87 = 4*o - 65. What is the highest common divisor of o and y?
19
Suppose -3*t + 25 = 2*t. Suppose 3*a + 3*i - 50 = 49, t*a = 4*i + 147. Calculate the greatest common divisor of 31 and a.
31
Suppose 4*a - 12*a = -16. What is the highest common divisor of a and 10?
2
Let p be -3 + (-774)/(-14) - (-2)/(-7). Calculate the highest common factor of p and 13.
13
Let k(f) = f**2 + 2*f - 5. Let j be k(4). Suppose -3 = 2*x - j. Let p = x + 11. What is the highest common divisor of 95 and p?
19
Let o = -14 - -24. Suppose 0 = -2*a - o, 0 = 3*u + u - 3*a - 67. Suppose 28 = 2*j - 76. What is the highest common factor of u and j?
13
Let p(z) = z**3 + z**2 - 12*z - 6. Let n(t) = t**3 - 11*t - 6. Let l(k) = -6*n(k) + 5*p(k). Let j be l(5). Calculate the greatest common divisor of j and 9.
9
Let v be -2 - (2*-6 - 0). Calculate the greatest common factor of 70 and v.
10
Suppose -26 + 2 = -3*r. Calculate the highest common factor of r and 2.
2
Let z be 32/3 + (-4)/6. Let t be 2/3 - 15/9. Let r = 3 + t. What is the highest common divisor of r and z?
2
Let g(w) = -w**3 + 10*w**2 - 5*w - 21. Let u be g(9). Calculate the greatest common factor of 45 and u.
15
Let v = 10 - 3. Suppose 2*z = v*z - 60. Let c be 27/2 - (-6)/z. Calculate the greatest common divisor of 98 and c.
14
Suppose 0 = r + r. Suppose 3*n + n - 12 = r. Suppose 0*v - 5*v + 3*k = -65, n*v - 43 = k. Calculate the highest common factor of v and 16.
16
Suppose 0 = -6*m + 602 + 46. What is the highest common factor of 12 and m?
12
Suppose -6 = -4*h + 10. Suppose 4*f + 20 = -h*b, 2*b = 4*f - f + 20. Let l(t) = -t - 4. Let x be l(f). Calculate the highest common divisor of 1 and x.
1
Suppose -g - 14 = -20. What is the highest common factor of g and 96?
6
Let j = 112 + 97. Calculate the greatest common divisor of j and 19.
19
Let t be ((-60)/8)/5*-2. Suppose -5*k - 21 = -5*g + 24, -2*g + 18 = t*k. Calculate the highest common factor of 18 and g.
9
Let t(x) = -x**3 + 5*x**2 + 2*x + 1. Let i be t(6). Let u = i + 14. Let l = u - -16. What is the highest common divisor of l and 1?
1
Let j(u) = -u - 1. Let v be j(-3). Let o(f) = -2*f - 14. Let w be o(-12). Calculate the greatest common factor of v and w.
2
Let o be 43 + 0/(0 + 1). Let l = -30 + o. What is the highest common divisor of 104 and l?
13
Let z(m) = 3*m - 5. Let q be z(6). Suppose 0*r = 5*r + 930. Let o = r - -303. What is the greatest common divisor of o and q?
13
Let v(f) = 38*f**2 - 1. Let g be v(1). What is the greatest common divisor of 37 and g?
37
Let q be (-1 + -2)/(15/(-760)). What is the greatest common divisor of 19 and q?
19
Suppose -y - 3*z = 11, 4*y - 18 = 2*y + 2*z. Let x be y/(-4 - -2) + 4. Let k = 1 + x. What is the greatest common divisor of 2 and k?
1
Let i be (-22)/(0 - 4/14). What is the greatest common divisor of i and 11?
11
Let r = 10 + -8. Suppose -285 = -5*p - r*m, 2*p + 0*p - 105 = m. Calculate the highest common factor of p and 5.
5
Let c be 2/7 + (-72)/(-42). Suppose -100 = -c*g - 3*g. Calculate the greatest common divisor of 220 and g.
20
Suppose x - 6 = -x. Let w be 10 + (3 - (x - 2)). Calculate the highest common factor of 8 and w.
4
Let r be 1 - 2 - -11*1. Suppose -2*h = -4*j, 0 = -0*h - 2*h + j - 15. Let w be -3 - (h + 3)/1. What is the greatest common divisor of r and w?
2
Suppose 5*p - 5 = -5*b, 3*b - 2*b = -2*p. Let h be (-84)/b*2/(-6). Let d(m) = -m**3 + m**2 + 7. Let a be d(0). What is the greatest common factor of a and h?
7
Let h(o) = o**2 - 10*o + 25. Let j be h(8). Calculate the greatest common factor of 9 and j.
9
Let w be (9 - 1)*(-6)/6. Let u = -5 - w. Calculate the greatest common divisor of u and 24.
3
Let i be 8 - (-3 - (-12)/4). Calculate the highest common divisor of i and 48.
8
Suppose 7*g + 385 = 12*g. Let x(d) = -d + 2. Let s be x(-9). What is the highest common divisor of s and g?
11
Suppose 3*t + 51 = 5*t - q, 0 = -2*t + 4*q + 60. Suppose 0 = -4*p + t + 44. Calculate the highest common divisor of p and 17.
17
Suppose 3*s = 3*n + 225, 2*s = 5*s - 4*n - 230. Let m(z) = -4*z**2 + 8*z + 2*z**2 - 2 + z**2. Let l be m(6). Calculate the highest common factor of l and s.
10
Let f = 46 - 23. Suppose -3*d - 32 = u - 9, -5*u + d = 67. Let j = u + f. What is the greatest common divisor of 63 and j?
9
Suppose 71 = z - 1. Calculate the highest common divisor of z and 180.
36
Suppose -g + 4*j = g - 40, -5*g + 2*j = -140. Calculate the greatest common divisor of 5 and g.
5
Let g be -9*(-3 - (-3 - -2)). Calculate the greatest common divisor of g and 3.
3
Suppose -3*n - 400 = -3*o + n, 4*o + 2*n - 548 = 0. Calculate the greatest common divisor of o and 17.
17
Suppose 0 = 5*j - 123 - 27. What is the highest common divisor of 15 and j?
15
Let l = -145 - -257. Let j = 23 - 9. What is the greatest common factor of l and j?
14
Let y = -20 + 42. Suppose 4*k = 18 - 2, -2*o + 4*k - 4 = 0. Let c = 17 - o. Calculate the highest common factor of c and y.
11
Let l(r) be the third derivative of 1/6*r**3 + 0*r**4 + 0 - 2*r**2 + 0*r + 11/60*r**5. Let p be l(1). What is the greatest common divisor of 18 and p?
6
Let l(u) = u**3 - 3*u**2 - 3*u - 1. Let o be l(4). Suppose -20 = -5*h + o*c, -4*c - 18 = 2*h - 0. Calculate the highest common divisor of 1 and h.
1
Suppose -4*t + 4*n - 16 = 0, -3*n = 3*t - n + 2. Let u be (-2)/1 - 8/t. Calculate the greatest common divisor of u and 16.
2
Suppose -15 = l - 19. Calculate the highest common factor of l and 24.
4
Let d = 141 + -69. Let x = 28 - 20. What is the greatest common factor of d and x?
8
Let m(l) be the second derivative of 7*l**3/2 + 7*l**2/2 - 3*l. Let k be m(5). Calculate the highest common factor of 14 and k.
14
Let h be 2/4 - (584/(-16) + 1). Let z(o) = -13*o - 5 + 4 + 38*o. Let k be z(1). What is the highest common divisor of h and k?
12
Let h = -23 - -30. Calculate the highest common divisor of 49 and h.
7
Let m(l) = l + 3. Let w be m(12). Let r(o) = -o**2 + 15*o + 8. Let j be r(w). What is the highest common divisor of 32 and j?
8
Suppose 0 = -2*s - 4*j + 78, -2*s - j + 125 = 44. Suppose 2*q - s = z + 2*z, -q + 3*z = -28. What is the highest common factor of 52 and q?
13
Let t be 2/8 + 111/4. Let q(p) = 2*p**3 + 4*p**2 - 2*p - 2. Let j be q(-3). Let c = -10 - j. What is the greatest common divisor of c and t?
4
Let h(b) = b + 7. Let n be h(-7). Let r be (-4)/(-2) - (n + -22). Let s be -1*1 + -2 + 9. What is the highest common factor of r and s?
6
Suppose 2*u - 2 = u. Suppose -14 = -4*c + 3*s, u = -4*c + 5*s + 12. Suppose c*j = 5*q + 50, -3*j + 44 = -q + 16. What is the highest common divisor of j and 45?
9
Suppose -24 - 99 = -5*x + 3*a, 2 = -2*a. Let y be x/20*10/3. Suppose -4*b + 3*b = -20. What is the highest common factor of y and b?
4
Let h be (-3)/6 + 2/4. Suppose h = 2*o - 3*o + 26. What is the highest common divisor of 39 and o?
13
Let h be (-16)/(-1) + (4 - 0). What is the greatest common factor of h and 5?
5
Let k = 15 - 19. Let u be -3 - (-45)/(k/(-4)). Suppose 0 = a + f + 1 - 6, 4*a + 3*f = 22. Calculate the greatest common factor of a and u.
7
Suppose 4*n - 26 - 10 = 0. Suppose 5*r = -0*r + 200. Suppose -32 = -b + r. What is the greatest common factor of n and b?
9
Let k be ((-9)/9)/(2/(-20)). Let h = 20 - k. What is the greatest common factor of h and 5?
5
Let f = 192 + 42. Let h = -134 + f. Let g(v) = v**3 - 3*v**2 - v - 2. Let l be g(4). Calculate the greatest common factor of l and h.
10
Suppose -12*g + 9*g = -135. Calculate the greatest common divisor of 15 and g.
15
Let f(b) = -2*b**2 + 10*b + 14. Let p be f(6). What is the greatest common factor of 14 and p?
2
Suppose 2*n + 21 = 9*n. Suppose -5*b + u + 2*u + 19 = 0, 3*b = -u + n. What is the highest common factor of b and 16?
2
Let a be (-2)/(-1) - 2 - -2. Let c be 44 + -1 + 0/1. Let m = c + -21. Calculate the highest common divisor of m and a.
2
Suppose 4*b + 5 = -2*l + 13, -5*l + 20 = -4*b. Suppose -333 = -2*m + 3*o, -541 = -l*m - 2*o + 101. Calculate the greatest common divisor of m and 18.
18
Let x = 1 + 2. Suppose 0 = -a + x*a. Suppose a*j - 11 = -j. What is the greatest common divisor of 55 and j?
11
Let o be 4/(-3)*6/4. Let l be (-4)/o - 2 - -72. Let w be 0/9 + 1*9. Ca